{"id":9,"date":"2014-04-03T12:51:57","date_gmt":"2014-04-03T12:51:57","guid":{"rendered":"http:\/\/www.proyectosparainternet.com\/clientes\/king-david\/test\/?page_id=9"},"modified":"2018-12-05T19:40:30","modified_gmt":"2018-12-05T19:40:30","slug":"habitaciones","status":"publish","type":"page","link":"https:\/\/www.kingdavid.com.ar\/?page_id=9","title":{"rendered":"Habitaciones"},"content":{"rendered":"<p><strong>KING DAVID HOTEL <\/strong>cuenta con 117 habitaciones de estilo cl\u00e1sico, equipadas con una gama de servicios que la hace diferente. De espacios superiores a los tradicionales y de gran comodidad para estad\u00edas diarias o prolongadas. Contamos tambi\u00e9n con una habitaci\u00f3n adaptada para hu\u00e9spedes con movilidad reducida.<\/p>\n","protected":false},"excerpt":{"rendered":"<p>KING DAVID HOTEL cuenta con 117 habitaciones de estilo cl\u00e1sico, equipadas con una gama de servicios que la hace diferente. De espacios superiores a los tradicionales y de gran comodidad para estad\u00edas diarias o prolongadas. Contamos tambi\u00e9n con una habitaci\u00f3n adaptada para hu\u00e9spedes con movilidad reducida.<\/p>\n","protected":false},"author":1,"featured_media":0,"parent":0,"menu_order":0,"comment_status":"open","ping_status":"open","template":"page-habitaciones.php","meta":{"footnotes":""},"class_list":["post-9","page","type-page","status-publish","hentry"],"_links":{"self":[{"href":"https:\/\/www.kingdavid.com.ar\/index.php?rest_route=\/wp\/v2\/pages\/9","targetHints":{"allow":["GET"]}}],"collection":[{"href":"https:\/\/www.kingdavid.com.ar\/index.php?rest_route=\/wp\/v2\/pages"}],"about":[{"href":"https:\/\/www.kingdavid.com.ar\/index.php?rest_route=\/wp\/v2\/types\/page"}],"author":[{"embeddable":true,"href":"https:\/\/www.kingdavid.com.ar\/index.php?rest_route=\/wp\/v2\/users\/1"}],"replies":[{"embeddable":true,"href":"https:\/\/www.kingdavid.com.ar\/index.php?rest_route=%2Fwp%2Fv2%2Fcomments&post=9"}],"version-history":[{"count":8,"href":"https:\/\/www.kingdavid.com.ar\/index.php?rest_route=\/wp\/v2\/pages\/9\/revisions"}],"predecessor-version":[{"id":726,"href":"https:\/\/www.kingdavid.com.ar\/index.php?rest_route=\/wp\/v2\/pages\/9\/revisions\/726"}],"wp:attachment":[{"href":"https:\/\/www.kingdavid.com.ar\/index.php?rest_route=%2Fwp%2Fv2%2Fmedia&parent=9"}],"curies":[{"name":"wp","href":"https:\/\/api.w.org\/{rel}","templated":true}]}}